alse
Is 10228463 a composite number?
True
Is 1064881 a composite number?
True
Is 130927 prime?
True
Is 679 composite?
True
Is 2685601 a composite number?
False
Is 120997 a prime number?
True
Is 114217 composite?
False
Is 168449 prime?
True
Is 154013 composite?
True
Is 209639 a composite number?
False
Is 70639 composite?
False
Is 31202 a composite number?
True
Is 272477 composite?
False
Is 9587 composite?
False
Is 21661 a prime number?
True
Is 81097 prime?
True
Is 823601 a prime number?
True
Is 42589 composite?
False
Is 74293 a prime number?
True
Is 4469 a composite number?
True
Is 21977 a composite number?
False
Is 16127 a composite number?
False
Is 8527 prime?
True
Is 7229 a prime number?
True
Is 42203 a prime number?
False
Is 2611 a prime number?
False
Is 4317 prime?
False
Is 166987 a prime number?
True
Is 1387691 a prime number?
True
Is 46195 prime?
False
Is 195181 composite?
True
Is 2179 a prime number?
True
Is 10441 a prime number?
False
Is 75401 a composite number?
False
Is 50371 a composite number?
True
Is 1468277 composite?
False
Is 279179 a prime number?
True
Is 1677899 a prime number?
True
Is 882517 prime?
True
Is 88069 a composite number?
False
Is 236471 composite?
False
Is 1865 a composite number?
True
Is 456949 a prime number?
True
Is 402995 prime?
False
Is 672799 a composite number?
False
Is 94201 a prime number?
True
Is 123289 composite?
False
Is 313507 prime?
True
Is 12289 a prime number?
True
Is 1831051 prime?
True
Is 613651 composite?
False
Is 144218 composite?
True
Is 1906 prime?
False
Is 4685 a composite number?
True
Is 121123 prime?
True
Is 1142191 a composite number?
False
Is 57 prime?
False
Is 111037 a composite number?
True
Is 537437 a composite number?
True
Is 69511 a prime number?
False
Is 2018 prime?
False
Is 1259 prime?
True
Is 692893 prime?
True
Is 3386 composite?
True
Is 1011331 prime?
True
Is 9631 composite?
False
Is 37119 a prime number?
False
Is 17521 a prime number?
False
Is 18863 prime?
False
Is 100649 prime?
True
Is 130859 composite?
False
Is 300671 a composite number?
True
Is 167509 composite?
True
Is 2546663 a prime number?
False
Is 138179 composite?
False
Is 7433 prime?
True
Is 11341 prime?
False
Is 116159 prime?
True
Is 44351 prime?
True
Is 19231 a composite number?
False
Is 2603 a composite number?
True
Is 151313 composite?
True
Is 13093 a prime number?
True
Is 50773 a composite number?
False
Is 218573 composite?
True
Is 6547 composite?
False
Is 283267 a prime number?
True
Is 1463837 a prime number?
True
Is 32347 prime?
False
Is 482393 composite?
False
Is 4136719 composite?
False
Is 24571 composite?
False
Is 297053 composite?
True
Is 2453 a prime number?
False
Is 3123341 prime?
False
Is 11379 a prime number?
False
Is 3967 a composite number?
False
Is 2561773 composite?
True
Is 260317 a prime number?
True
Is 174631 prime?
True
Is 826271 a prime number?
True
Is 370529 prime?
True
Is 411157 a prime number?
True
Is 37277 prime?
True
Is 59921 a composite number?
False
Is 102829 a composite number?
False
Is 13901 a composite number?
False
Is 1413211 composite?
False
Is 1032446 a prime number?
False
Is 121687 a prime number?
True
Is 5351 a composite number?
False
Is 5981 prime?
True
Is 2293 prime?
True
Is 18077 a prime number?
True
Is 9115 prime?
False
Is 32171 a prime number?
False
Is 11422 a composite number?
True
Is 8263 a composite number?
False
Is 631 prime?
True
Is 1329 composite?
True
Is 353557 composite?
False
Is 86133 a prime number?
False
Is 66421 a prime number?
False
Is 29251 composite?
False
Is 991 composite?
False
Is 465151 a prime number?
True
Is 226871 prime?
True
Is 4829891 composite?
True
Is 1387609 a composite number?
True
Is 203449 a prime number?
True
Is 404597 a prime number?
True
Is 171307 prime?
False
Is 65207 a composite number?
True
Is 325589 prime?
False
Is 176831 a composite number?
True
Is 1215863 a prime number?
False
Is 577439 a composite number?
True
Is 738133 a prime number?
False
Is 84649 prime?
True
Is 53483 a composite number?
True
Is 1652543 prime?
True
Is 22523 a prime number?
False
Is 4141 a composite number?
True
Is 60209 composite?
False
Is 103217 prime?
True
Is 30019 a composite number?
True
Is 109273 composite?
True
Is 2251 prime?
True
Is 1218143 composite?
True
Is 12777 prime?
False
Is 8251 composite?
True
Is 268453 prime?
False
Is 25985 a composite number?
True
Is 9347 a composite number?
True
Is 23369 composite?
False
Is 54751 a prime number?
True
Is 47237 composite?
False
Is 16217 composite?
False
Is 79319 composite?
False
Is 919859 a prime number?
True
Is 140169 composite?
True
Is 120059 composite?
True
Is 1311127 prime?
True
Is 53189 a composite number?
False
Is 25649 prime?
False
Is 168977 a composite number?
False
Is 3641 composite?
True
Is 3037 a prime number?
True
Is 3554 a prime number?
False
Is 3137 composite?
False
Is 1571 a prime number?
True
Is 168851 a prime number?
True
Is 22879 prime?
False
Is 14566 a prime number?
False
Is 28421 a prime number?
False
Is 59757 composite?
True
Is 70571 composite?
False
Is 66911 a composite number?
True
Is 428657 prime?
True
Is 880309 a composite number?
True
Is 10847 a prime number?
True
Is 259949 a composite number?
False
Is 502639 prime?
False
Is 201031 a composite number?
False
Is 464371 prime?
True
Is 30947 a composite number?
True
Is 5849 prime?
True
Is 1649 a composite number?
True
Is 1283033 composite?
True
Is 66007 a prime number?
False
Is 1440429 prime?
False
Is 967 prime?
True
Is 1349791 a prime number?
False
Is 329501 composite?
True
Is 46261 a prime number?
True
Is 86953 prime?
False
Is 50613 a composite number?
True
Is 117511 a composite number?
False
Is 114347 a prime number?
False
Is 9543 prime?
False
Is 61949 a prime number?
True
Is 3829 prime?
False
Is 8573 a composite number?
False
Is 37957 a prime number?
True
Is 32899 a prime number?
False
Is 67835 a composite number?
True
Is 561185 a composite number?
True
Is 307609 a composite number?
False
Is 1247377 prime?
False
Is 940543 a composite number?
False
Is 1039 composite?
False
Is 50983 a prime number?
False
Is 288593 a composite number?
True
Is 82117 a prime number?
False
Is 227593 prime?
True
Is 77117 composite?
True
Is 162979 a prime number?
False
Is 56863 prime?
False
Is 3158 a prime number?
False
Is 2161 prime?
True
Is 1155419 prime?
True
Is 22759 a prime number?
False
Is 55 a composite number?
True
Is 447901 prime?
True
Is 5323 a composite number?
False
Is 1570253 composite?
True
Is 25663 prime?
False
Is 25111 a composite number?
False
Is 60891 prime?
False
Is 19391 composite?
False
Is 730399 a composite number?
False
Is 1363 prime?
False
Is 19661 a composite number?
False
Is 440837 a composite number?
True
Is 121029 a composite number?
True
Is 446273 a composite number?
False
Is 6319 a composite number?
True
Is 5009 a composite number?
False
Is 19661 prime?
True
Is 119027 a prime number?
True
Is 4513 a prime number?
True
Is 101431 prime?
False
Is 626 prime?
False
Is 377147 a prime number?
True
Is 15421 a prime number?
False
Is 269 composite?
False
Is 985 prime?
False
Is 2117 a prime number?
False
Is 137827 composite?
False
Is 187897 prime?
True
Is 142798 a composite number?
True
Is 63811 a composite number?
True
Is 332789 composite?
True
Is 67717 composite?
True
Is 26599 a composite number?
True
Is 7069 a composite number?
False
Is 94201 prime?
True
Is 123419 composite?
False
Is 48634 composite?
True
Is 717751 composite?
False
Is 78879 composite?
True
Is 141587 composite?
False
Is 35267 a prime number?
True
Is 838499 composite?
True
Is 53563 prime?
False
Is 1360015 a composite number?
True
Is 398933 a prime number?
True
Is 2827 composite?
True
Is 861121 a prime number?
True
Is 36679 a composite number?
True
Is 19517 a composite number?
True
Is 3022 a prime number?
False
Is 2923 composite?
True
Is 89153 a prime number?
True
Is 3299 prime?
True
Is 69761 a composite number?
False
Is 106447 a prime number?
False
Is 869437 composite?
False
Is 3787 composite?
True
Is 1501727 a composite number?
True
Is 7853 composite?
False
Is 461791 a prime number?
False
Is 141931 prime?
True
Is 491867 prime?
True
Is 550805 composite?
True
Is 52709 a prime number?
True
Is 77705 a composite number?
True
Is 93277 a composite number?
True
Is 37243 a composite num